 is the thousands digit of 4871788811?
8
What is the units digit of 16929095?
5
What is the hundred thousands digit of 3922834532?
8
What is the ten millions digit of 516445543?
1
What is the tens digit of 75910663?
6
What is the hundreds digit of 50565314?
3
What is the ten millions digit of 467983101?
6
What is the tens digit of 355821513?
1
What is the hundreds digit of 1864504189?
1
What is the hundreds digit of 156595141?
1
What is the ten thousands digit of 7185479377?
7
What is the ten millions digit of 791189788?
9
What is the ten millions digit of 353357287?
5
What is the millions digit of 2320494235?
0
What is the millions digit of 11812930?
1
What is the tens digit of 293443746?
4
What is the tens digit of 10625688?
8
What is the millions digit of 3312193021?
2
What is the thousands digit of 929282706?
2
What is the thousands digit of 24463351?
3
What is the ten thousands digit of 15502349?
0
What is the tens digit of 333087187?
8
What is the hundreds digit of 1245300520?
5
What is the tens digit of 214620706?
0
What is the tens digit of 75984921?
2
What is the hundred millions digit of 508385036?
5
What is the tens digit of 3707720006?
0
What is the ten thousands digit of 1118690238?
9
What is the millions digit of 95804182?
5
What is the hundreds digit of 4457045539?
5
What is the units digit of 2128215564?
4
What is the ten millions digit of 42249415?
4
What is the millions digit of 1494480878?
4
What is the thousands digit of 663742110?
2
What is the millions digit of 413288861?
3
What is the ten millions digit of 25135752?
2
What is the tens digit of 319646822?
2
What is the thousands digit of 47557502?
7
What is the hundred thousands digit of 231868339?
8
What is the hundreds digit of 9868419?
4
What is the tens digit of 474017886?
8
What is the units digit of 5197668731?
1
What is the ten millions digit of 338341223?
3
What is the ten millions digit of 1978202384?
7
What is the tens digit of 202344232?
3
What is the millions digit of 4652873623?
2
What is the tens digit of 172166501?
0
What is the thousands digit of 42688938?
8
What is the hundred thousands digit of 798229769?
2
What is the tens digit of 2440069452?
5
What is the thousands digit of 26162346?
2
What is the ten millions digit of 3419397660?
1
What is the thousands digit of 13443026?
3
What is the tens digit of 422437595?
9
What is the units digit of 1157711516?
6
What is the ten millions digit of 307268659?
0
What is the ten thousands digit of 760140722?
4
What is the thousands digit of 53568893?
8
What is the hundreds digit of 43589369?
3
What is the ten thousands digit of 54854011?
5
What is the ten thousands digit of 54197043?
9
What is the tens digit of 1356332875?
7
What is the hundred thousands digit of 774460745?
4
What is the thousands digit of 623120907?
0
What is the hundred thousands digit of 725749828?
7
What is the ten millions digit of 49705728?
4
What is the units digit of 18743231?
1
What is the tens digit of 78596787?
8
What is the millions digit of 558531210?
8
What is the hundred millions digit of 451792519?
4
What is the billions digit of 1511810633?
1
What is the millions digit of 38371511?
8
What is the hundred thousands digit of 69945390?
9
What is the hundred thousands digit of 12819726?
8
What is the tens digit of 5270733712?
1
What is the millions digit of 168001901?
8
What is the billions digit of 1339022547?
1
What is the hundred thousands digit of 1060776875?
7
What is the hundreds digit of 1984275059?
0
What is the hundreds digit of 33942733?
7
What is the ten millions digit of 65303084?
6
What is the millions digit of 7833660?
7
What is the thousands digit of 10205301?
5
What is the ten thousands digit of 88548202?
4
What is the ten thousands digit of 2563340505?
4
What is the hundred millions digit of 1052947381?
0
What is the millions digit of 819837943?
9
What is the thousands digit of 101154029?
4
What is the tens digit of 109080805?
0
What is the units digit of 246298406?
6
What is the hundred thousands digit of 58875522?
8
What is the hundred thousands digit of 37446530?
4
What is the thousands digit of 130676827?
6
What is the thousands digit of 711294205?
4
What is the tens digit of 94353899?
9
What is the hundred millions digit of 3036471696?
0
What is the millions digit of 140993345?
0
What is the millions digit of 202092789?
2
What is the tens digit of 335526226?
2
What is the ten thousands digit of 169057525?
5
What is the units digit of 1614915748?
8
What is the units digit of 61170037?
7
What is the hundred thousands digit of 8559250?
5
What is the hundreds digit of 2287253358?
3
What is the units digit of 273636474?
4
What is the hundred thousands digit of 55378969?
3
What is the millions digit of 7409698867?
9
What is the millions digit of 496833687?
6
What is the millions digit of 234843070?
4
What is the hundred thousands digit of 88397045?
3
What is the hundreds digit of 1099606547?
5
What is the tens digit of 942188396?
9
What is the millions digit of 29475694?
9
What is the hundred thousands digit of 14486197?
4
What is the hundreds digit of 20935338?
3
What is the units digit of 1838316344?
4
What is the tens digit of 5352839063?
6
What is the ten millions digit of 58089569?
5
What is the units digit of 452257312?
2
What is the ten thousands digit of 1837686574?
8
What is the thousands digit of 3812265522?
5
What is the billions digit of 3490422710?
3
What is the tens digit of 1502652794?
9
What is the ten millions digit of 1049969080?
4
What is the thousands digit of 3737792630?
2
What is the units digit of 51615605?
5
What is the hundreds digit of 434200320?
3
What is the units digit of 851661737?
7
What is the millions digit of 12021006?
2
What is the billions digit of 1683185644?
1
What is the tens digit of 2191164719?
1
What is the hundred millions digit of 574743992?
5
What is the hundred millions digit of 3393527592?
3
What is the hundreds digit of 48820262?
2
What is the hundreds digit of 1285587337?
3
What is the hundred thousands digit of 88028613?
0
What is the ten millions digit of 440450607?
4
What is the ten millions digit of 53849260?
5
What is the hundreds digit of 5606874484?
4
What is the thousands digit of 8000080?
0
What is the hundreds digit of 413770700?
7
What is the ten millions digit of 74115712?
7
What is the tens digit of 18350564?
6
What is the tens digit of 374625853?
5
What is the hundreds digit of 1225915929?
9
What is the tens digit of 580939374?
7
What is the millions digit of 1003868144?
3
What is the hundreds digit of 739873348?
3
What is the hundred thousands digit of 5793330?
7
What is the tens digit of 515697678?
7
What is the ten thousands digit of 116878579?
7
What is the thousands digit of 507599151?
9
What is the hundred thousands digit of 8402216?
4
What is the ten thousands digit of 23456771?
5
What is the thousands digit of 13125203?
5
What is the tens digit of 105526744?
4
What is the hundreds digit of 296823706?
7
What is the ten thousands digit of 1694003431?
0
What is the millions digit of 540572958?
0
What is the units digit of 11926283?
3
What is the hundreds digit of 1754649062?
0
What is the hundred thousands digit of 1263193073?
1
What is the ten millions digit of 319616940?
1
What is the thousands digit of 30466379?
6
What is the ten thousands digit of 47010224?
1
What is the hundred millions digit of 893146573?
8
What is the units digit of 1450474329?
9
What is the hundred thousands digit of 575205341?
2
What is the tens digit of 1433094?
9
What is the units digit of 64205917?
7
What is the ten millions digit of 103429996?
0
What is the tens digit of 40152936?
3
What is the hundred thousands digit of 695231679?
2
What is the thousands digit of 123182568?
2
What is the thousands digit of 44522701?
2
What is the hundreds digit of 85431070?
0
What is the hundred thousands digit of 34953891?
9
What is the ten thousands digit of 1272200667?
0
What is the units digit of 479253138?
8
What is the hundred millions digit of 2464742051?
4
What is the thousands digit of 2734100201?
0
What is the hundred millions digit of 245244877?
2
What is the tens digit of 1470569125?
2
What is the ten thousands digit of 1002001718?
0
What is the tens digit of 719024853?
5
W